ivide 25748477?
True
Is 2496886254 a multiple of 8534?
True
Is 5430899792 a multiple of 16?
True
Does 329 divide 122639685?
True
Is 140135605 a multiple of 1747?
True
Is 2 a factor of 17018638?
True
Is 482475480 a multiple of 15?
True
Is 31369710 a multiple of 185?
True
Does 359 divide 136338148?
True
Is 68 a factor of 73093812?
True
Is 164359036 a multiple of 755?
False
Does 620 divide 42168680?
True
Is 214698508 a multiple of 141?
False
Is 3544024 a multiple of 1496?
True
Is 11530003 a multiple of 28?
False
Is 8944706 a multiple of 1174?
True
Does 11 divide 123426207?
False
Does 37 divide 231972809?
False
Is 198916367 a multiple of 3551?
True
Is 134381808 a multiple of 4?
True
Does 3 divide 1692108?
True
Is 1137 a factor of 142782715?
False
Is 101 a factor of 171112685?
True
Is 6443363 a multiple of 35?
False
Does 38 divide 3045206646?
True
Is 625265104 a multiple of 41?
False
Is 130 a factor of 597079419?
False
Is 21 a factor of 1292208846?
False
Is 2055760512 a multiple of 471?
True
Is 102726096 a multiple of 11?
True
Is 10640503 a multiple of 5?
False
Is 180 a factor of 38514600?
True
Is 48316271 a multiple of 50?
False
Is 44887942 a multiple of 83?
False
Is 3212890 a multiple of 20?
False
Is 331 a factor of 85950108?
True
Is 1401 a factor of 28472523?
True
Does 58 divide 27104502?
True
Does 32 divide 4653860?
False
Is 29282755 a multiple of 2635?
True
Is 1615271794 a multiple of 986?
False
Is 282430 a multiple of 5?
True
Is 134 a factor of 834834070?
True
Is 23776265 a multiple of 82?
False
Is 43051899 a multiple of 33?
True
Is 859 a factor of 146796434?
False
Is 21752299 a multiple of 17?
True
Does 1142 divide 1216420714?
True
Does 214 divide 994655736?
True
Does 7732 divide 910682692?
True
Is 4368 a factor of 517262928?
True
Is 1679 a factor of 2327056?
False
Is 213 a factor of 18358814?
False
Does 107 divide 1711436859?
True
Is 7 a factor of 193226700?
False
Is 8 a factor of 46912992?
True
Does 243 divide 454083165?
True
Is 622 a factor of 720777954?
True
Is 54 a factor of 39016998?
True
Is 10 a factor of 1263122140?
True
Is 1354 a factor of 1682015978?
True
Is 168044392 a multiple of 24?
False
Is 137742857 a multiple of 34?
False
Does 4 divide 318965190?
False
Is 147 a factor of 422874606?
True
Is 10461810 a multiple of 114?
False
Does 533 divide 17054401?
True
Is 718677957 a multiple of 1614?
False
Does 46 divide 856749770?
True
Does 14 divide 13698216?
True
Does 94 divide 166284966?
True
Does 16 divide 1118800?
True
Is 124699620 a multiple of 370?
True
Is 4123394880 a multiple of 64?
True
Is 30652246 a multiple of 711?
False
Is 21002789 a multiple of 303?
False
Is 114858086 a multiple of 2758?
False
Does 289 divide 62874733?
False
Is 24541630 a multiple of 58?
False
Is 46 a factor of 2125071890?
True
Does 340 divide 561936498?
False
Is 693647987 a multiple of 189?
False
Does 492 divide 113726292?
True
Is 63387600 a multiple of 1616?
True
Is 75 a factor of 135671175?
True
Does 3163 divide 342103754?
True
Is 453 a factor of 21483072?
True
Is 1113445200 a multiple of 5936?
True
Is 117 a factor of 21862191?
False
Is 233951294 a multiple of 38?
True
Is 3 a factor of 1272067?
False
Is 2 a factor of 1855929?
False
Is 26404108 a multiple of 48?
False
Does 2339 divide 218535886?
False
Is 101 a factor of 43448584?
True
Is 88 a factor of 133418736?
True
Is 6575 a factor of 2894888057?
False
Does 17 divide 2930063703?
False
Is 1162000640 a multiple of 806?
False
Does 1385 divide 27464550?
True
Does 873 divide 28399563?
True
Is 15072322 a multiple of 342?
False
Is 125588330 a multiple of 41?
True
Does 83 divide 2170057833?
False
Is 179 a factor of 90144298?
False
Is 21 a factor of 4002126?
False
Is 3900 a factor of 31928387?
False
Is 29607472 a multiple of 304?
True
Does 400 divide 11415349?
False
Does 1098 divide 104639400?
True
Does 142 divide 25599869?
False
Is 501 a factor of 244396317?
True
Is 4182 a factor of 1072963194?
True
Is 69734032 a multiple of 8?
True
Is 166929220 a multiple of 143?
False
Is 95 a factor of 1780015?
True
Is 338906889 a multiple of 1924?
False
Is 3050385548 a multiple of 3994?
True
Is 5905 a factor of 402177740?
True
Does 7 divide 10386159?
True
Is 27168099 a multiple of 87?
True
Is 431914633 a multiple of 344?
False
Is 123168522 a multiple of 7?
False
Is 2445200660 a multiple of 685?
True
Is 256 a factor of 153662369?
False
Does 4768 divide 269119949?
False
Is 858190029 a multiple of 881?
True
Is 800 a factor of 20673626?
False
Is 27 a factor of 10670643?
True
Does 14 divide 29912371?
False
Does 241 divide 6131281?
True
Is 49 a factor of 428184306?
False
Is 394 a factor of 24677379?
False
Is 4 a factor of 492811596?
True
Is 408 a factor of 101072958?
False
Is 771 a factor of 52343317?
False
Is 332 a factor of 349991412?
True
Is 124 a factor of 1198088?
True
Is 268 a factor of 23264437?
False
Does 1388 divide 16023498?
False
Does 80 divide 93199755?
False
Does 820 divide 67595060?
True
Is 81386782 a multiple of 817?
False
Is 2 a factor of 12960936?
True
Does 40 divide 746490773?
False
Does 23 divide 469712601?
True
Is 1689143960 a multiple of 142?
True
Is 447995389 a multiple of 16?
False
Is 3161793024 a multiple of 144?
True
Is 16827130 a multiple of 1417?
False
Does 85 divide 4866125475?
True
Does 9 divide 8703738?
True
Does 17 divide 44414870?
False
Is 27 a factor of 39657033?
True
Does 813 divide 107879409?
True
Does 58 divide 18432864?
True
Is 326383105 a multiple of 1123?
True
Is 109823665 a multiple of 2549?
True
Does 32 divide 70399168?
True
Is 50 a factor of 39223713?
False
Is 72709154 a multiple of 29?
False
Is 921450220 a multiple of 380?
True
Does 33 divide 642184174?
False
Is 2213736934 a multiple of 29?
False
Is 1496 a factor of 382659877?
False
Does 498 divide 2582628?
True
Is 11331456 a multiple of 12?
True
Is 4224742951 a multiple of 13432?
False
Is 935 a factor of 41287905?
False
Is 13306 a factor of 4125365628?
True
Does 25 divide 36950850?
True
Does 11 divide 127829425?
False
Does 38 divide 2325182?
True
Does 32 divide 149237216?
True
Is 1048420766 a multiple of 589?
False
Is 1156186375 a multiple of 5?
True
Does 177 divide 362833784?
False
Is 3194 a factor of 1036088774?
False
Does 6 divide 510739447?
False
Is 1678 a factor of 555117638?
True
Is 26303678 a multiple of 4341?
False
Does 13 divide 218452047?
False
Is 218 a factor of 29646562?
False
Is 1894 a factor of 4760654302?
False
Is 540163844 a multiple of 786?
False
Is 3586 a factor of 4696825398?
False
Is 205667 a multiple of 23?
False
Is 751799188 a multiple of 21?
False
Is 29 a factor of 1771370?
False
Is 171 a factor of 13388616?
True
Does 12 divide 1006830289?
False
Is 1027 a factor of 197367053?
False
Is 5473721035 a multiple of 151?
False
Is 14 a factor of 56715739?
False
Does 123 divide 83595351?
True
Does 363 divide 285775017?
True
Is 2500 a factor of 313037500?
True
Is 3976435 a multiple of 44?
False
Is 11 a factor of 133169712?
False
Is 974764508 a multiple of 1454?
True
Is 831832143 a multiple of 5144?
False
Does 59 divide 40741388?
True
Is 322363908 a multiple of 9?
True
Is 82 a factor of 7243701?
False
Does 83 divide 59161321?
True
Does 1175 divide 34263000?
True
Is 21 a factor of 916924052?
False
Is 5 a factor of 7409672?
False
Is 1002 a factor of 66832094?
False
Is 156206604 a multiple of 38?
False
Does 250 divide 170613250?
True
Does 30 divide 394003470?
True
Is 14 a factor of 951279462?
True
Does 13 divide 30546802?
True
Does 579 divide 1172397652?
False
Is 23460121 a multiple of 13?
False
Is 1707960 a multiple of 5?
True
Is 36 a factor of 6827836?
False
Is 1935328090 a multiple of 7?
False
Does 3332 divide 212220362?
False
Does 219 divide 1151189?
False
Is 1181817701 a multiple of 21?
False
Is 957572294 a multiple of 426?
False
Is 31929918 a multiple of 57?
True
Is 5 a factor of 9482810?
True
Does 8 divide 3999017?
False
Is 4 a factor of 13942202?
False
Is 3288 a factor of 2623030?
False
Is 9599178 a multiple of 3?
True
Is 55 a factor of 771501280?
True
Is 14 a factor of 152876717?
False
Is 102797232 a multiple of 3832?
True
Does 207 divide 46602117?
True
Does 30 divide 33449508?
False
Is 2210 a factor of 8352767?
False
Is 51 a factor of 620905082?
False
Does 23 divide 112820641?
False
Is 372 a factor of 356642805?
Fa